{"id":1386,"date":"2023-10-23T19:03:06","date_gmt":"2023-10-23T19:03:06","guid":{"rendered":"https:\/\/kechenessentials.com\/index.php\/product\/cafe-specialty-drip-coffee-maker-10-cup-glass-carafe-wifi-enabled-voice-to-brew-technology-smart-home-kitchen-essentials-sca-certified-barista-quality-brew-stainless-steel\/"},"modified":"2023-10-23T19:03:06","modified_gmt":"2023-10-23T19:03:06","slug":"cafe-specialty-drip-coffee-maker-10-cup-glass-carafe-wifi-enabled-voice-to-brew-technology-smart-home-kitchen-essentials-sca-certified-barista-quality-brew-stainless-steel","status":"publish","type":"product","link":"https:\/\/kechenessentials.com\/index.php\/product\/cafe-specialty-drip-coffee-maker-10-cup-glass-carafe-wifi-enabled-voice-to-brew-technology-smart-home-kitchen-essentials-sca-certified-barista-quality-brew-stainless-steel\/","title":{"rendered":"Caf\u00e9 Specialty Drip Coffee Maker | 10-Cup Glass Carafe | WiFi Enabled Voice-to-Brew Technology | Smart Home Kitchen Essentials | SCA Certified, Barista-Quality Brew | Stainless Steel"},"content":{"rendered":"<p>Price: <span style=\"color:#b12704\"><del>$279.00<\/del> - $226.96<\/span><br \/><i><small>(as of Oct 23, 2023 19:03:06 UTC &#8211; <span class=\"wp_automatic_amazon_disclaimer\" title=\"Product prices and availability are accurate as of the date\/time indicated and are subject to change. Any price and availability information displayed on [relevant Amazon Site(s), as applicable] at the time of purchase will apply to the purchase of this product.\">Details<\/span>)<\/small><\/i><\/p>\n<p><a href=\"https:\/\/amazon.com\/dp\/B09GPYPLR6?tag=kechenessenti-20\" target=\"_blank\" rel=\"noopener\"><img decoding=\"async\" src=\"https:\/\/valvepress.s3.amazonaws.com\/imgs\/buy_now.png\"><\/a><br \/>\n<\/p>\n<p>         From the manufacturer                                     <\/p>\n<p>                                          <img decoding=\"async\" alt=\"Caf\u00e9 Specialty Drip Coffee Maker with Glass Carafe\" src=\"https:\/\/images-na.ssl-images-amazon.com\/images\/G\/01\/x-locale\/common\/grey-pixel.gif\" class=\"a-lazy-loaded\" data-src=\"https:\/\/m.media-amazon.com\/images\/S\/aplus-media-library-service-media\/e35a8789-9b6e-4146-8254-664fb28c6e99.__CR0,0,1940,600_PT0_SX970_V1___.jpg\"><img decoding=\"async\" alt=\"Caf\u00e9 Specialty Drip Coffee Maker with Glass Carafe\" src=\"https:\/\/m.media-amazon.com\/images\/S\/aplus-media-library-service-media\/e35a8789-9b6e-4146-8254-664fb28c6e99.__CR0,0,1940,600_PT0_SX970_V1___.jpg\">   <\/p>\n<p>                                              <img decoding=\"async\" alt=\"Caf\u00e9 Specialty Drip Coffee Maker with Glass Carafe\" src=\"https:\/\/images-na.ssl-images-amazon.com\/images\/G\/01\/x-locale\/common\/grey-pixel.gif\" class=\"a-spacing-mini a-lazy-loaded\" data-src=\"https:\/\/m.media-amazon.com\/images\/S\/aplus-media-library-service-media\/3ab9825c-732f-4380-997d-7a42aab6e589.__CR0,0,600,800_PT0_SX300_V1___.jpg\"><img decoding=\"async\" alt=\"Caf\u00e9 Specialty Drip Coffee Maker with Glass Carafe\" src=\"https:\/\/m.media-amazon.com\/images\/S\/aplus-media-library-service-media\/3ab9825c-732f-4380-997d-7a42aab6e589.__CR0,0,600,800_PT0_SX300_V1___.jpg\">   <\/p>\n<p>                                                      <img decoding=\"async\" alt=\"Cafe - Distinct by Design\" src=\"https:\/\/images-na.ssl-images-amazon.com\/images\/G\/01\/x-locale\/common\/grey-pixel.gif\" class=\"a-spacing-mini a-lazy-loaded\" data-src=\"https:\/\/m.media-amazon.com\/images\/S\/aplus-media-library-service-media\/b6d064d0-1825-475d-82aa-b845d19c9dae.__CR120,0,360,180_PT0_SX350_V1___.jpg\"><img decoding=\"async\" alt=\"Cafe - Distinct by Design\" src=\"https:\/\/m.media-amazon.com\/images\/S\/aplus-media-library-service-media\/b6d064d0-1825-475d-82aa-b845d19c9dae.__CR120,0,360,180_PT0_SX350_V1___.jpg\">                                      Expressions Collection                               <\/p>\n<p class=\"a-spacing-small a-size-small a-color-secondary\"> Caf\u00e9&#8217;s line of small appliances come in several beautiful finish options, each featuring the signature copper accent. The Expressions Collection is a line of countertop appliances from Caf\u00e9 that beautifully match the design of your Caf\u00e9 kitchen and have the innovative features you want. <\/p>\n<h3 class=\"a-spacing-mini\"> Caf\u00e9 Specialty Drip Coffee Maker with Glass Carafe <\/h3>\n<p>                                   Stainless Steel                                   <\/p>\n<p class=\"a-spacing-base\"> Start the day with coffee brewed to Golden Cup perfection \u2013 the world&#8217;s highest standard certified by the Specialty Coffee Association. Equipped for Wi-Fi connection, this drip coffee maker from Caf\u00e9 can be paired with your smartphone using the SmartHQ app allowing you to control the strength, size and temperature of your brew from anywhere, and to schedule up to 10 cups of brew in advance. <\/p>\n<p>                                                                    <img decoding=\"async\" alt=\"Caf\u00e9 Specialty Drip Coffee Maker with Glass Carafe\" src=\"https:\/\/images-na.ssl-images-amazon.com\/images\/G\/01\/x-locale\/common\/grey-pixel.gif\" class=\"a-spacing-base a-lazy-loaded\" data-src=\"https:\/\/m.media-amazon.com\/images\/S\/aplus-media-library-service-media\/5858d062-7155-41bd-b2cf-c69382da1b6c.__CR0,0,1940,1200_PT0_SX970_V1___.jpg\"><img decoding=\"async\" alt=\"Caf\u00e9 Specialty Drip Coffee Maker with Glass Carafe\" src=\"https:\/\/m.media-amazon.com\/images\/S\/aplus-media-library-service-media\/5858d062-7155-41bd-b2cf-c69382da1b6c.__CR0,0,1940,1200_PT0_SX970_V1___.jpg\">                                                                    <\/p>\n<p>\n                                                          <img decoding=\"async\" alt=\"SCA Certified\" src=\"https:\/\/images-na.ssl-images-amazon.com\/images\/G\/01\/x-locale\/common\/grey-pixel.gif\" class=\"a-spacing-mini a-lazy-loaded\" data-src=\"https:\/\/m.media-amazon.com\/images\/S\/aplus-media-library-service-media\/d95f3e42-8751-4634-b9f4-aca0b656d0f3.__CR0,0,600,600_PT0_SX300_V1___.jpg\"><img decoding=\"async\" alt=\"SCA Certified\" src=\"https:\/\/m.media-amazon.com\/images\/S\/aplus-media-library-service-media\/d95f3e42-8751-4634-b9f4-aca0b656d0f3.__CR0,0,600,600_PT0_SX300_V1___.jpg\">   <\/p>\n<p>\n                                                          <img decoding=\"async\" alt=\"WiFi Enabled\" src=\"https:\/\/images-na.ssl-images-amazon.com\/images\/G\/01\/x-locale\/common\/grey-pixel.gif\" class=\"a-spacing-mini a-lazy-loaded\" data-src=\"https:\/\/m.media-amazon.com\/images\/S\/aplus-media-library-service-media\/d6a8bf77-63b8-40b0-a31b-c821b8699e62.__CR0,0,600,600_PT0_SX300_V1___.jpg\"><img decoding=\"async\" alt=\"WiFi Enabled\" src=\"https:\/\/m.media-amazon.com\/images\/S\/aplus-media-library-service-media\/d6a8bf77-63b8-40b0-a31b-c821b8699e62.__CR0,0,600,600_PT0_SX300_V1___.jpg\">   <\/p>\n<p>\n                                                          <img decoding=\"async\" alt=\"10 Cup Brew\" src=\"https:\/\/images-na.ssl-images-amazon.com\/images\/G\/01\/x-locale\/common\/grey-pixel.gif\" class=\"a-spacing-mini a-lazy-loaded\" data-src=\"https:\/\/m.media-amazon.com\/images\/S\/aplus-media-library-service-media\/f5eaeb21-dd1c-414c-a0b8-29e360385f09.__CR0,0,600,600_PT0_SX300_V1___.jpg\"><img decoding=\"async\" alt=\"10 Cup Brew\" src=\"https:\/\/m.media-amazon.com\/images\/S\/aplus-media-library-service-media\/f5eaeb21-dd1c-414c-a0b8-29e360385f09.__CR0,0,600,600_PT0_SX300_V1___.jpg\">   <\/p>\n<p>                                                           SCA Certified                                     <\/p>\n<p> Experience a barista-quality cup of coffee right from your own counter with this stylish, SCA Certified coffee maker that has been rigorously tested to ensure your coffee is consistently delicious <\/p>\n<p>                                                           WiFi Enabled                                     <\/p>\n<p> Adorn your kitchen with this beautifully designed smart coffee maker that can be controlled with the SmartHQ app, Alexa, and Google Home. Voice-to-Brew controls deliver a conveniently connected perfect cup, every time <\/p>\n<p>                                                           10 Cup Brew                                     <\/p>\n<p> Whether your brewing 1 cup or a whole pot, you can customize every cup to your personal taste with this advanced, 10-cup coffee maker that stores your favorite settings for number of cups, temperature and brew strength <\/p>\n<p>\n                                                          <img decoding=\"async\" alt=\"Custom Brew Strength\" src=\"https:\/\/images-na.ssl-images-amazon.com\/images\/G\/01\/x-locale\/common\/grey-pixel.gif\" class=\"a-spacing-mini a-lazy-loaded\" data-src=\"https:\/\/m.media-amazon.com\/images\/S\/aplus-media-library-service-media\/1181cab6-5ca2-4e9d-92c5-1151ec243ebf.__CR0,0,600,600_PT0_SX300_V1___.jpg\"><img decoding=\"async\" alt=\"Custom Brew Strength\" src=\"https:\/\/m.media-amazon.com\/images\/S\/aplus-media-library-service-media\/1181cab6-5ca2-4e9d-92c5-1151ec243ebf.__CR0,0,600,600_PT0_SX300_V1___.jpg\">   <\/p>\n<p>\n                                                          <img decoding=\"async\" alt=\"Auto Brew\" src=\"https:\/\/images-na.ssl-images-amazon.com\/images\/G\/01\/x-locale\/common\/grey-pixel.gif\" class=\"a-spacing-mini a-lazy-loaded\" data-src=\"https:\/\/m.media-amazon.com\/images\/S\/aplus-media-library-service-media\/12c969ff-e25c-4222-a566-970f576d8c48.__CR0,0,600,600_PT0_SX300_V1___.jpg\"><img decoding=\"async\" alt=\"Auto Brew\" src=\"https:\/\/m.media-amazon.com\/images\/S\/aplus-media-library-service-media\/12c969ff-e25c-4222-a566-970f576d8c48.__CR0,0,600,600_PT0_SX300_V1___.jpg\">   <\/p>\n<p>\n                                                          <img decoding=\"async\" alt=\"Precision Brew\" src=\"https:\/\/images-na.ssl-images-amazon.com\/images\/G\/01\/x-locale\/common\/grey-pixel.gif\" class=\"a-spacing-mini a-lazy-loaded\" data-src=\"https:\/\/m.media-amazon.com\/images\/S\/aplus-media-library-service-media\/62fe0ac7-d67e-4a2a-80e1-d1e0721cee08.__CR0,0,600,600_PT0_SX300_V1___.jpg\"><img decoding=\"async\" alt=\"Precision Brew\" src=\"https:\/\/m.media-amazon.com\/images\/S\/aplus-media-library-service-media\/62fe0ac7-d67e-4a2a-80e1-d1e0721cee08.__CR0,0,600,600_PT0_SX300_V1___.jpg\">   <\/p>\n<p>                                                           Custom Brew Strength                                     <\/p>\n<p> Adjust brew strength to exactly the way you like it, courtesy of four unique brewing modes. This Gold Cup standard is backed by an SCA Certification that ensures you have the ideal pour every time <\/p>\n<p>                                                           Auto Brew                                     <\/p>\n<p> Mornings just got easier! When you use the auto brew feature, you can wake up to fresh, hot, perfectly personalized coffee that\u2019s ready just when you programmed it to be <\/p>\n<p>                                                           Precision Brew                                     <\/p>\n<p> Experience exact temperature control with this precision brew coffee maker that brews drip coffee from 185 to 205 degrees and meets the rigorous standards of the Specialty Coffee Association <\/p>\n<p>WIFI ENABLED &#8211; Adorn your kitchen with this beautifully designed smart coffee maker that can be controlled with the SmartHQ app, Alexa, and Google Home. Voice-to-Brew controls deliver a conveniently connected perfect cup, every time.<br \/>10 CUP BREW &#8211; Whether your brewing 1 cup or a whole pot, you can customize every cup to your personal taste with this advanced, 10-cup coffee maker that stores your favorite settings for number of cups, temperature and brew strength.<br \/>CUSTOM BREW STRENGTH &#8211; Enjoy the perfect, balanced cup of coffee exactly the way you like it courtesy of four unique brewing modes: Gold, Light, Medium &#038; Bold.<br \/>AUTO BREW &#8211; Mornings just got easier. When you use the auto brew feature, you can wake up to fresh, hot, perfectly personalized coffee that is ready just when you programmed it to be.<br \/>Easy-to-use filtration unit that fits inside the water reservoir of your coffee maker. Helps remove chlorine and other impurities from your water. GE Appliances Replacement Carbon Coffee Filter Cartridges, 6-pack, UNIV1CFLTR6PK, sold separately<br \/>\n<br \/><\/p>\n","protected":false},"excerpt":{"rendered":"<p> From the manufacturer Expressions Collection Caf\u00e9&#8217;s line of small appliances come in several beautiful finish options, each featuring the signature copper accent. The Expressions Collection is a line of countertop appliances from Caf\u00e9 that beautifully match the design of your Caf\u00e9 kitchen and have the innovative features you want. Caf\u00e9 [&hellip;]<\/p>\n","protected":false},"featured_media":1387,"comment_status":"open","ping_status":"closed","template":"","meta":{"site-sidebar-layout":"default","site-content-layout":"","ast-site-content-layout":"default","site-content-style":"default","site-sidebar-style":"default","ast-global-header-display":"","ast-banner-title-visibility":"","ast-main-header-display":"","ast-hfb-above-header-display":"","ast-hfb-below-header-display":"","ast-hfb-mobile-header-display":"","site-post-title":"","ast-breadcrumbs-content":"","ast-featured-img":"","footer-sml-layout":"","ast-disable-related-posts":"","theme-transparent-header-meta":"","adv-header-id-meta":"","stick-header-meta":"","header-above-stick-meta":"","header-main-stick-meta":"","header-below-stick-meta":"","astra-migrate-meta-layouts":"default","ast-page-background-enabled":"default","ast-page-background-meta":{"desktop":{"background-color":"var(--ast-global-color-4)","background-image":"","background-repeat":"repeat","background-position":"center center","background-size":"auto","background-attachment":"scroll","background-type":"","background-media":"","overlay-type":"","overlay-color":"","overlay-opacity":"","overlay-gradient":""},"tablet":{"background-color":"","background-image":"","background-repeat":"repeat","background-position":"center center","background-size":"auto","background-attachment":"scroll","background-type":"","background-media":"","overlay-type":"","overlay-color":"","overlay-opacity":"","overlay-gradient":""},"mobile":{"background-color":"","background-image":"","background-repeat":"repeat","background-position":"center center","background-size":"auto","background-attachment":"scroll","background-type":"","background-media":"","overlay-type":"","overlay-color":"","overlay-opacity":"","overlay-gradient":""}},"ast-content-background-meta":{"desktop":{"background-color":"var(--ast-global-color-5)","background-image":"","background-repeat":"repeat","background-position":"center center","background-size":"auto","background-attachment":"scroll","background-type":"","background-media":"","overlay-type":"","overlay-color":"","overlay-opacity":"","overlay-gradient":""},"tablet":{"background-color":"var(--ast-global-color-5)","background-image":"","background-repeat":"repeat","background-position":"center center","background-size":"auto","background-attachment":"scroll","background-type":"","background-media":"","overlay-type":"","overlay-color":"","overlay-opacity":"","overlay-gradient":""},"mobile":{"background-color":"var(--ast-global-color-5)","background-image":"","background-repeat":"repeat","background-position":"center center","background-size":"auto","background-attachment":"scroll","background-type":"","background-media":"","overlay-type":"","overlay-color":"","overlay-opacity":"","overlay-gradient":""}}},"product_brand":[],"product_cat":[51],"product_tag":[144],"class_list":{"0":"post-1386","1":"product","2":"type-product","3":"status-publish","4":"has-post-thumbnail","6":"product_cat-app-controlled-coffee-makers","7":"product_tag-behmor-connected-coffee-maker","8":"desktop-align-left","9":"tablet-align-left","10":"mobile-align-left","12":"first","13":"instock","14":"sale","15":"shipping-taxable","16":"product-type-external"},"_links":{"self":[{"href":"https:\/\/kechenessentials.com\/index.php\/wp-json\/wp\/v2\/product\/1386","targetHints":{"allow":["GET"]}}],"collection":[{"href":"https:\/\/kechenessentials.com\/index.php\/wp-json\/wp\/v2\/product"}],"about":[{"href":"https:\/\/kechenessentials.com\/index.php\/wp-json\/wp\/v2\/types\/product"}],"replies":[{"embeddable":true,"href":"https:\/\/kechenessentials.com\/index.php\/wp-json\/wp\/v2\/comments?post=1386"}],"wp:featuredmedia":[{"embeddable":true,"href":"https:\/\/kechenessentials.com\/index.php\/wp-json\/wp\/v2\/media\/1387"}],"wp:attachment":[{"href":"https:\/\/kechenessentials.com\/index.php\/wp-json\/wp\/v2\/media?parent=1386"}],"wp:term":[{"taxonomy":"product_brand","embeddable":true,"href":"https:\/\/kechenessentials.com\/index.php\/wp-json\/wp\/v2\/product_brand?post=1386"},{"taxonomy":"product_cat","embeddable":true,"href":"https:\/\/kechenessentials.com\/index.php\/wp-json\/wp\/v2\/product_cat?post=1386"},{"taxonomy":"product_tag","embeddable":true,"href":"https:\/\/kechenessentials.com\/index.php\/wp-json\/wp\/v2\/product_tag?post=1386"}],"curies":[{"name":"wp","href":"https:\/\/api.w.org\/{rel}","templated":true}]}}